. Is a/(-16) - -1*1/(-4) prime?
False
Let q = 983775 - 512404. Is q a composite number?
True
Is (-3)/18*8*(-1153809)/12 a prime number?
True
Suppose 2*m - 245075 = -3*n, 4*m - n - 194965 = 295136. Is m prime?
True
Let s(f) = -768*f**3 + 4*f**2 - 5*f - 8. Is s(-7) prime?
True
Let g be (-16*(14/4)/7)/(-2). Suppose 0 = -3*j + 4*j + 5, -2*j = 3*c + g. Suppose -c*n = -1573 - 729. Is n a prime number?
True
Suppose -y + 8*u + 11671 = -8118, -5 = 5*u. Is y prime?
False
Let y(u) = -41*u**3 + 2*u**2 + 8*u + 22. Let j be y(-4). Let f = j - 1768. Is f prime?
False
Let n be (4 - 4)/(-1) - -1. Is (8/(-6) - (-138804)/18) + n composite?
True
Let k be (-1)/((10/(-60))/(797/2)). Suppose 11*v - k = 8*v. Is v prime?
True
Let v = -86926 - -123107. Is v composite?
True
Let r(y) = 699*y**3 + y**2 - 3*y - 2. Let l(x) = 2*x**2 + 77*x + 41. Let p be l(-38). Is r(p) a prime number?
False
Let w be 17 + -5 - 7 - 3/1. Suppose 9*b - w*b - 1673 = 0. Is b a composite number?
False
Let j = 8804 + -13646. Let g = j + 9169. Is g a prime number?
True
Let l be ((-372)/(-10))/((-2)/((-660)/9)). Suppose -2*i + 3*t = -l, i - 182 = 4*t + 495. Is i composite?
True
Let b be (-3 + 0)/((-3)/233). Suppose -b = 5*n - 2768. Suppose 665 = 4*l - n. Is l prime?
True
Suppose 8*u = -u. Suppose 2*f = m + 9538, u = 2*m - 3 - 5. Is f a composite number?
True
Let j = 116 + -111. Let r(x) = -4*x**2 + j*x**2 - 3*x + 92*x**3 + 5 - 51*x**3. Is r(2) composite?
False
Let w = -20 + 27. Suppose w*m = 3*m + 1892. Suppose 19*c = 18*c + m. Is c composite?
True
Is 1*(-6 + (-3)/((-24)/250952)) prime?
False
Let o = 7752 + -4106. Suppose 70*d - 72*d = -o. Is d a prime number?
True
Let s(l) = 8*l + 7123. Let v(h) = -h**3 + 8*h**2 + 33*h. Let x be v(11). Is s(x) prime?
False
Let r = 312 - 163. Suppose 2*y = 3*z - 20 - r, 15 = 5*z. Is (-10)/y - (-5383)/8 prime?
True
Suppose 23*l + 48*l = 2831845 + 1282108. Is l composite?
False
Suppose -m = 1 - 6. Let w(f) = 3*f - 8. Let h be w(m). Let v(j) = 3*j**3 - 4*j**2 - 16*j - 4. Is v(h) a composite number?
True
Let i = -96260 + 159391. Is i a prime number?
True
Suppose 0 = -5*q + 10, 3*q + 164 = 2*y. Suppose -90*a = -y*a - 1455. Is a a composite number?
True
Suppose -3717220 = -5*s - 5*c, -30*c = 3*s - 34*c - 2230367. Is s a composite number?
True
Suppose -4*h = -8*h - 36. Is 28762/3 + 3/h a composite number?
False
Let w = 58 + -57. Is w*3*(5 + (-16610)/(-15)) composite?
True
Suppose 0 = 206*i - 162*i - 12797180. Is i a prime number?
False
Suppose -3*i = -2*x - 4921, 4*i + x + 1642 = 5*i. Let h be -1 - 5/(-2) - i/2. Let d = h - -1820. Is d a prime number?
False
Suppose 0 = -3*o - 12, 2*o - 58867 - 1220 = -5*d. Suppose 4*h = 4*u - 7*u + d, -16046 = -4*u + 5*h. Is u composite?
True
Suppose 46867 = 5*f + 4*a, -102*a = -98*a - 12. Is f a composite number?
False
Let i = 40 + -32. Suppose 2*u + 0 = i. Suppose -41 = -3*v + 5*a, 0 = -u*v + a + 38 + 45. Is v prime?
False
Is (78/8)/(15/32260) prime?
False
Let g(u) = 97*u**3 + u**2 - 3*u + 1. Let j(n) = -n**2. Let w(i) = -g(i) - 5*j(i). Let b be (-2)/(-5)*(-10)/2. Is w(b) a composite number?
True
Let h(g) = 283*g + 128. Let w be (9/2)/(-9)*-34. Is h(w) prime?
False
Suppose -4*d + 7*j - 12*j + 159551 = 0, 2*d - 79774 = -4*j. Is d a prime number?
False
Let s(d) be the third derivative of 7/6*d**3 + 0 - 1/4*d**5 - 1/120*d**6 + 0*d + 6*d**2 + 13/24*d**4. Is s(-16) prime?
False
Suppose -39*t - 804974 = -41*t. Is t composite?
False
Suppose 178950 = 48*g - 55778 - 246856. Is g prime?
False
Suppose 4*z + 5*d - 5 = 5, 0 = -5*z - 5*d + 10. Let p be 72 + 3 + z/(-2). Suppose -p = -18*r + 13*r. Is r a composite number?
True
Suppose 117184*o - 117215*o + 13199614 = 0. Is o prime?
False
Let a(o) = -o**3 + 14*o**2 - 18*o - 89. Let j be a(12). Let m(n) = -46*n - 44*n + 20*n + 3. Is m(j) prime?
True
Suppose 70 - 60 = 5*y. Suppose 0 = y*r - 638 + 192. Is r composite?
False
Suppose -300 = -13*c + 428. Suppose -10766 = -63*f + c*f. Is f a prime number?
False
Let r = 15006 + -10515. Suppose 10*b - b - r = 0. Is b a composite number?
False
Suppose -427416 = -2*c + 2*f, 10 = 361*f - 363*f. Is c a composite number?
True
Let v be 18/(-9) - (0 + -132644). Let s = -345 + 333. Is (-12)/18*v/s a prime number?
True
Let t = 56 - 97. Let z = 31 + t. Is (-1036 + z)*(-1)/(-4)*-2 a composite number?
False
Let d(q) = -3639*q + 112*q**2 + 3639*q + 1. Suppose -k - 5*z - 2 = 14, -3*k - z - 6 = 0. Is d(k) composite?
False
Let n be 2/5 + 27/(-5). Let a(k) = -8*k - 31. Let y be a(n). Is 5/15 - (-7224)/y composite?
True
Let i(s) = 1283*s**2 + 128*s - 1471. Is i(12) prime?
False
Is ((-2)/(-4) + 0)/(27 + 310077048/(-11484336)) composite?
True
Let w(l) = 362*l**2 + 118*l + 5. Let k = 691 + -681. Is w(k) composite?
True
Let v(t) be the third derivative of t**6/60 - t**5/12 + t**4/6 - 10*t**2. Let d be v(2). Suppose 1238 - 346 = d*q. Is q prime?
True
Is 207026*24/9*(-27)/(-144) composite?
True
Suppose d + 15*d = 704. Suppose -2814 = -58*z + d*z. Is z a prime number?
False
Let x(k) = k**3 - 33*k**2 + 14*k - 133. Let m be (-68)/(-476) + 237/7. Is x(m) a prime number?
True
Suppose 72*g = -2*c + 69*g + 389129, 0 = -4*c - 3*g + 778255. Is c composite?
True
Let t be (-2 - -3) + -3 - -1692. Suppose -7*r - t = -8*r. Suppose -5*w = -r - 915. Is w composite?
False
Suppose -51*z + 59*z = 32. Suppose -5*v + 4638 = -z*l, 3*v + 2780 = 6*v - l. Is v prime?
False
Let n = 66 - 63. Suppose -4*c + n*z - 4909 = -3*c, 0 = c - z + 4909. Is (-3)/(36/(-8)) + c/(-3) composite?
False
Let l be (-668122)/(-117) - (-12)/(-27). Let n = l + -3375. Is n a prime number?
False
Let x be -3 + -1 + 14 + -7 + 3. Suppose x*n - 2008 = 9650. Is n a prime number?
False
Suppose -2*h - 4*z = -67570, 0 = -h - z + 37772 - 3984. Is h a prime number?
True
Let i(q) = 6557*q - 2 - 19 + 2357*q. Is i(2) prime?
True
Let b(s) = 5761*s - 1297. Is b(35) a composite number?
True
Is (-5)/(-3) + 11/((-495)/(-2009220)) a prime number?
True
Let v be ((-528)/(-55))/((-8)/(-60)). Suppose v*z - 60472 = 64*z. Is z a composite number?
False
Is (4 - 192/16)*56993/(-8) a prime number?
True
Let j(n) = -23*n - 36. Let d be (-16)/(5/((-180)/8)). Suppose 5*t + 3*m + d = t, 0 = -t + 4*m - 37. Is j(t) prime?
False
Suppose -s = -q + 2, -2*s + 0 = -4*q + 6. Let v be (s + 2)*(-4)/((-8)/(-10)). Is (-1 - 3/v)/((-4)/1180) composite?
True
Let q = -85 + 82. Is (4669 + 3 - 6)*(-3)/q composite?
True
Suppose -837561 = -96*f + 2525607. Is f composite?
True
Let a be (-12*3/(-12))/1. Let y(g) = 5848*g + 55. Is y(a) a prime number?
True
Let d = -42 + 42. Suppose -13318 = -2*m - f + 10152, d = -3*m + 3*f + 35205. Is m prime?
False
Let y(c) = 230*c + 41*c - 60 + 366*c - 69. Is y(8) composite?
False
Let z = -6622 - -739. Let a = 11620 + z. Is a a composite number?
False
Let j(z) = 11990*z**3 - 5*z**2 - 4*z + 17. Is j(2) a composite number?
True
Let s be 30/(-9)*(-3)/2. Suppose -s = 5*l + 95. Let k(q) = -52*q + 17. Is k(l) composite?
True
Suppose 0 = -5*l - 19*k + 17*k + 733095, 3*l - 439878 = 3*k. Is l composite?
True
Let a(y) = 1016*y + 9. Let s(f) = -339*f - 3. Let r(c) = -3*a(c) - 8*s(c). Let p be r(-4). Suppose -3*x + p = -0*v + 3*v, -5*v + x = -2223. Is v composite?
True
Suppose -21*q = 5*b - 18*q - 1460979, -3*b = -4*q - 876541. Is b a composite number?
True
Is (26/52)/((-7)/(-251398)) prime?
True
Suppose -8*j + 7*j = 2. Let f be 8/j*9/(-12). Suppose -6*r + f*r + 1761 = 0. Is r a prime number?
True
Suppose -38 = -3*g - 4*s, 2*s + 2*s = 4*g - 4. Is 1946 + ((-108)/(-6))/g prime?
True
Let o = 147750 + -83089. Is o prime?
True
Let r = 132 + -136. Suppose -50 - 18 = -d - 3*s, d = -4*s + 71. Let i = r + d. Is i composite?
True
Let r = -21771 + 2773. Is (-3)/9 - (r/6 + 3) composite?
False
Suppose -o + 14 - 3 = 0. Suppose o*f + 1187 = 5521. Is f prime?
False
Suppose -8*z + 3*z + 3*x + 33 = 0, -5*z + 34 = -4*x. Let r be z/(-5)*((-550)/15)/(-11). Is ((-8 - r) + 3)*(-1470 - 1) a composite number?
False
Suppose -11*d + 16*d = 3*b + 169057, 3*d - 101415 = -3*b. Is d a prime number?
True
Let q be 3/(15/2) + 2968/280. Suppose -q*c - 13272 = -35*c. Is c composite?
True
Let c(p) = -18*p - 7. Let q(f) = 9*f + 4. Let h(y) = -3*c(y) - 5*q(y). Let z be h(1). Is (-8)/(-20) - (-2626)/z prime?
True
Suppose 0 = 206*f + 24*f - 27549170. Is f composite?
True
Let v = -262312 - -458853. Is v p